Is 40271713 a composite number?
False
Is 59483155 a composite number?
True
Is 46185809 composite?
False
Is 53456411 composite?
False
Is 2124583 prime?
False
Is 3042701 a composite number?
False
Is 4372113 a composite number?
True
Is 1471163219 a prime number?
True
Is 1912222099 composite?
False
Is 2036434 a prime number?
False
Is 4543117 a composite number?
False
Is 2274083 composite?
True
Is 2014773 prime?
False
Is 29765003 a composite number?
True
Is 311269829 prime?
False
Is 283824601 a composite number?
False
Is 28516673 prime?
False
Is 9567079 a prime number?
True
Is 419325483 composite?
True
Is 11858189 a composite number?
True
Is 28743607 prime?
True
Is 668198053 composite?
False
Is 40527203 a prime number?
False
Is 3544531 composite?
False
Is 38582497 composite?
True
Is 966778 prime?
False
Is 15716901 composite?
True
Is 12265135 a composite number?
True
Is 582317 a prime number?
True
Is 3217529 prime?
False
Is 23183791 composite?
False
Is 117048401 a prime number?
True
Is 2800769 a prime number?
True
Is 79098821 a composite number?
False
Is 14712587 a prime number?
True
Is 201574651 a prime number?
True
Is 436929583 composite?
False
Is 32976283 a composite number?
False
Is 18443303 a composite number?
False
Is 113086849 prime?
True
Is 15702733 composite?
False
Is 167305631 a composite number?
True
Is 8334827 a prime number?
False
Is 28693666 a prime number?
False
Is 150692329 a composite number?
True
Is 10142483 composite?
True
Is 125404347 a composite number?
True
Is 268276297 a prime number?
True
Is 20692871 a prime number?
True
Is 75024949 composite?
False
Is 38992319 composite?
False
Is 19070743 prime?
True
Is 125383361 prime?
False
Is 607701 a composite number?
True
Is 169016773 a composite number?
False
Is 114249 prime?
False
Is 1939643 a composite number?
True
Is 130167449 prime?
False
Is 378869 prime?
True
Is 2419 a composite number?
True
Is 3087143 prime?
False
Is 7397219 a composite number?
False
Is 8465423 a prime number?
True
Is 3096811 prime?
True
Is 7114979 prime?
False
Is 29397209 prime?
True
Is 3074329 composite?
False
Is 3324227 a prime number?
True
Is 6020099 composite?
False
Is 7127513 a composite number?
False
Is 1633777 prime?
True
Is 4208717 a prime number?
True
Is 590279 a prime number?
True
Is 32220057 a prime number?
False
Is 5262739 a prime number?
False
Is 216272071 composite?
False
Is 788191 composite?
True
Is 9367169 a composite number?
True
Is 41869549 a composite number?
True
Is 441713 prime?
True
Is 117250901 a prime number?
True
Is 2630651 a prime number?
False
Is 41129317 a prime number?
True
Is 121629797 prime?
False
Is 10716521 a composite number?
True
Is 8975227 a prime number?
True
Is 2516953 prime?
True
Is 954463 a prime number?
False
Is 295459 a composite number?
False
Is 61623619 composite?
False
Is 8473837 a composite number?
True
Is 1166903 composite?
False
Is 71035727 composite?
True
Is 4757107 a prime number?
False
Is 12549533 a composite number?
True
Is 17990327 a composite number?
False
Is 120703 composite?
True
Is 2300497 composite?
False
Is 2147727 prime?
False
Is 23944673 composite?
False
Is 123445898 prime?
False
Is 1949959 a prime number?
False
Is 151111919 a composite number?
True
Is 63342917 a prime number?
False
Is 236926 composite?
True
Is 4764079 prime?
False
Is 18382427 prime?
False
Is 51061385 prime?
False
Is 4286351 a composite number?
False
Is 41284961 composite?
False
Is 19158863 composite?
False
Is 43807231 a prime number?
False
Is 2041103 a prime number?
False
Is 9709705 a prime number?
False
Is 396427 a prime number?
True
Is 273989677 prime?
False
Is 65191177 a prime number?
False
Is 12787 composite?
True
Is 71344171 a composite number?
False
Is 1475853 a prime number?
False
Is 8916329 composite?
False
Is 374287 a prime number?
True
Is 17046581 a prime number?
True
Is 387449 a prime number?
True
Is 74589635 a prime number?
False
Is 25035973 a composite number?
False
Is 16260761 prime?
False
Is 60580055 prime?
False
Is 170489699 prime?
False
Is 5409538 a composite number?
True
Is 77087749 a composite number?
True
Is 77714911 a prime number?
False
Is 21273449 a prime number?
True
Is 2832787 composite?
False
Is 870509 a composite number?
True
Is 2119817 a composite number?
True
Is 82023797 composite?
True
Is 131299447 a prime number?
True
Is 15217451 composite?
False
Is 19593593 a composite number?
True
Is 17902211 prime?
False
Is 19316023 prime?
True
Is 448862749 a composite number?
False
Is 67075453 prime?
False
Is 25146197 a prime number?
True
Is 787277 a composite number?
False
Is 23337995 composite?
True
Is 3895781 composite?
False
Is 7157443 prime?
True
Is 1353505 a prime number?
False
Is 724363 a composite number?
True
Is 4575563 prime?
True
Is 3342553 prime?
True
Is 82777309 a prime number?
True
Is 50892823 a composite number?
False
Is 10762469 prime?
False
Is 89630759 a composite number?
True
Is 81398929 a prime number?
True
Is 1505057 composite?
True
Is 234621877 prime?
False
Is 252374737 prime?
True
Is 13006433 a prime number?
False
Is 6679637 a composite number?
True
Is 1828069 a composite number?
False
Is 90707849 prime?
False
Is 4057451 prime?
True
Is 427913 a composite number?
False
Is 199685 a prime number?
False
Is 59926897 a composite number?
False
Is 2873651 a composite number?
True
Is 621427381 a prime number?
True
Is 2228069 prime?
False
Is 36304873 a composite number?
True
Is 9005302 a composite number?
True
Is 1292477 a prime number?
True
Is 16562255 a prime number?
False
Is 45657407 a composite number?
False
Is 11815481 a prime number?
True
Is 197049761 a prime number?
True
Is 33615703 a composite number?
True
Is 356969389 composite?
True
Is 38286029 prime?
False
Is 424628117 prime?
True
Is 4937113 a composite number?
False
Is 2962363 a prime number?
False
Is 25064693 prime?
True
Is 109267889 a composite number?
False
Is 1494853 prime?
True
Is 56712379 a composite number?
True
Is 38998433 prime?
True
Is 92767277 a composite number?
True
Is 47701439 a prime number?
False
Is 1334141 composite?
False
Is 16836421 a composite number?
True
Is 3308777 a composite number?
False
Is 4878163 prime?
True
Is 22212209 a composite number?
True
Is 206925398 composite?
True
Is 256589 prime?
True
Is 2393389 prime?
True
Is 93676819 a prime number?
True
Is 587819047 composite?
True
Is 82438583 composite?
False
Is 477813659 composite?
False
Is 17082511 a prime number?
False
Is 155854637 a composite number?
True
Is 153832207 a prime number?
False
Is 128420377 a prime number?
False
Is 191527 composite?
True
Is 16046029 a composite number?
False
Is 3508187 a prime number?
False
Is 11536121 a prime number?
True
Is 344455897 prime?
True
Is 2509027 a prime number?
True
Is 3047459 a prime number?
False
Is 31560383 composite?
False
Is 67231 composite?
False
Is 77446 composite?
True
Is 5958061 prime?
True
Is 190959283 a prime number?
False
Is 24265279 prime?
False
Is 10369081 composite?
False
Is 105977 a composite number?
False
Is 12507317 composite?
False
Is 765343 a composite number?
True
Is 1320577 prime?
False
Is 24028343 prime?
False
Is 329417 a composite number?
True
Is 245600393 a composite number?
False
Is 10058413 composite?
True
Is 2172097 a prime number?
False
Is 24048881 a composite number?
False
Is 7785731 a composite number?
False
Is 346459 a prime number?
False
Is 3806141 prime?
False
Is 42613787 composite?
False
Is 9556147 a composite number?
False
Is 36630394 a prime number?
False
Is 20941021 prime?
False
Is 8083001 prime?
True
Is 64314857 composite?
True
Is 105190273 a prime number?
True
Is 2654107 prime?
True
Is 161143249 composite?
False
Is 884911 a prime number?
False
Is 200387 prime?
False
Is 2858529 prime?
False
Is 22823 a composite number?
True
Is 9135629 prime?
True
Is 17550647 composite?
True
Is 8123837 a prime number?
True
Is 16042787 prime?
True
Is 430527 prime?
False
Is 8729621 a composite number?
False
Is 7237931 a prime number?
False
Is 5514217 prime?
False
Is 30512129 a prime number?
True
Is 3848398 a prime number?
False
Is 679071 a composite number?
True
Is 151788547 a composite number?
True
Is 82384895 prime?
False
Is 184548127 a composite number?
False
Is 20673181 prime?
True
Is 6557041 a composite number?
False
Is 5188571 a composite number